ate the highest common factor of 99432 and 864.
72
Calculate the highest common divisor of 319 and 64148.
29
Calculate the greatest common factor of 948 and 1442066.
158
Calculate the highest common factor of 2051912 and 8.
8
Calculate the greatest common divisor of 594 and 632313.
297
Calculate the highest common divisor of 52460 and 40.
20
Calculate the greatest common factor of 18615 and 15555.
255
Calculate the greatest common divisor of 1343920 and 13696.
1712
What is the highest common factor of 496 and 24?
8
What is the greatest common factor of 33 and 77297?
11
Calculate the highest common divisor of 1494224 and 48.
16
Calculate the greatest common divisor of 67652 and 52.
52
What is the greatest common divisor of 77 and 57015?
7
Calculate the highest common divisor of 3651411 and 138.
69
What is the highest common divisor of 7597 and 124463?
71
What is the greatest common factor of 129 and 9179511?
129
Calculate the highest common factor of 891 and 37257.
33
Calculate the highest common factor of 697696 and 160.
32
What is the greatest common divisor of 2807 and 35?
7
What is the greatest common factor of 198 and 1605654?
18
What is the greatest common factor of 13843 and 109?
109
Calculate the greatest common divisor of 127 and 472567.
127
Calculate the highest common divisor of 2 and 13845.
1
Calculate the highest common divisor of 12124775 and 65.
65
Calculate the highest common divisor of 280 and 21980.
140
What is the highest common factor of 140 and 44035?
5
Calculate the highest common divisor of 465 and 1736.
31
Calculate the greatest common divisor of 487067 and 595.
119
Calculate the highest common factor of 25 and 20327.
1
Calculate the greatest common divisor of 580 and 25.
5
What is the greatest common divisor of 423603 and 9?
9
Calculate the greatest common divisor of 1312 and 10332.
164
What is the highest common divisor of 534 and 744?
6
What is the greatest common factor of 10907 and 1664?
13
Calculate the greatest common divisor of 287 and 4346.
41
What is the highest common divisor of 21 and 75852?
21
What is the greatest common divisor of 9709 and 26467?
133
Calculate the greatest common factor of 60827 and 13.
13
What is the greatest common factor of 8 and 1497752?
8
Calculate the highest common factor of 226 and 39437.
113
Calculate the highest common divisor of 14147 and 903.
301
What is the greatest common factor of 65870 and 7?
7
What is the greatest common divisor of 92652 and 672?
84
Calculate the highest common factor of 35258 and 4514.
122
What is the greatest common factor of 301128 and 24?
24
Calculate the highest common factor of 189 and 19152.
63
What is the highest common divisor of 320 and 228380?
20
Calculate the greatest common factor of 3522 and 38058.
6
What is the greatest common divisor of 34992 and 912?
48
Calculate the highest common factor of 140 and 1951936.
28
What is the greatest common factor of 8 and 4635464?
8
What is the highest common divisor of 206530 and 5?
5
Calculate the greatest common factor of 2310 and 283570.
70
What is the greatest common factor of 3040 and 93280?
160
Calculate the greatest common factor of 106848 and 179424.
2016
What is the greatest common factor of 11551012 and 779?
779
What is the highest common divisor of 12530 and 140?
70
Calculate the greatest common factor of 233955 and 54.
27
What is the highest common divisor of 10675 and 1925?
175
What is the highest common divisor of 72 and 1165896?
72
Calculate the highest common divisor of 1260 and 37940.
140
What is the greatest common factor of 244 and 1996713?
61
What is the highest common divisor of 81 and 129978?
27
What is the greatest common divisor of 36050 and 350?
350
What is the greatest common factor of 2071 and 237402?
109
What is the greatest common divisor of 168600 and 8?
8
What is the greatest common factor of 26795 and 86480?
115
Calculate the highest common factor of 239952 and 32.
16
Calculate the highest common divisor of 651 and 41433.
21
Calculate the greatest common divisor of 480 and 2130.
30
What is the greatest common factor of 916903 and 26?
13
Calculate the greatest common divisor of 6071 and 104.
13
What is the highest common divisor of 69524 and 7644?
364
What is the greatest common divisor of 626453 and 4390?
439
Calculate the greatest common factor of 38 and 75107.
19
What is the greatest common factor of 139017 and 6258?
447
What is the greatest common factor of 914 and 27?
1
Calculate the highest common divisor of 105293 and 71.
71
Calculate the greatest common factor of 8510340 and 3480.
1740
What is the highest common divisor of 256 and 103?
1
What is the highest common factor of 41 and 6107?
1
Calculate the greatest common divisor of 426254 and 134.
134
Calculate the highest common factor of 5082 and 139326.
66
Calculate the greatest common divisor of 33 and 6537.
3
Calculate the highest common factor of 11568 and 116403.
723
Calculate the greatest common divisor of 585 and 57070.
65
Calculate the highest common factor of 30 and 71260.
10
Calculate the greatest common divisor of 37367 and 45881.
473
Calculate the highest common divisor of 1778 and 20066.
254
Calculate the highest common divisor of 1728 and 2322.
54
What is the greatest common divisor of 43632 and 48?
48
What is the greatest common factor of 10976 and 1536?
32
What is the highest common divisor of 7974 and 5499402?
2658
What is the greatest common factor of 336 and 1629096?
168
What is the greatest common factor of 8 and 2159984?
8
Calculate the greatest common factor of 4638 and 39.
3
Calculate the highest common factor of 1160 and 1928.
8
What is the highest common factor of 70 and 22090?
10
Calculate the highest common factor of 1652 and 12712140.
1652
Calculate the highest common factor of 2625 and 2485.
35
Calculate the greatest common factor of 169905 and 2625.
15
What is the highest common factor of 722 and 17594?
38
Calculate the highest common factor of 644 and 12875492.
644
Calculate the greatest common factor of 21414 and 174.
6
What is the greatest common divisor of 5100570 and 45?
45
What is the highest common divisor of 34210 and 110?
110
Calculate the highest common factor of 494 and 1482.
494
Calculate the highest common factor of 174 and 72848.
58
Calculate the highest common divisor of 4466 and 3234.
154
What is the greatest common factor of 9 and 134676?
9
What is the highest common divisor of 616 and 26180?
308
What is the greatest common divisor of 373759 and 489?
163
Calculate the highest common factor of 270 and 738.
18
Calculate the greatest common factor of 391578 and 5610.
1122
Calculate the highest common divisor of 4 and 72476.
4
Calculate the greatest common divisor of 27347 and 48691.
667
Calculate the highest common divisor of 1791 and 32661.
9
Calculate the highest common factor of 23889 and 3.
3
What is the highest common divisor of 437 and 10971?
23
What is the greatest common factor of 2501 and 6724?
41
Calculate the highest common divisor of 124335 and 1215.
405
Calculate the highest common factor of 23672 and 176.
88
What is the highest common divisor of 27531 and 1575?
63
What is the highest common divisor of 149376 and 3264?
192
What is the highest common divisor of 492565 and 145?
145
Calculate the highest common divisor of 17 and 883592.
17
What is the highest common factor of 53152 and 272?
16
What is the greatest common factor of 1053 and 6201?
117
What is the greatest common divisor of 943 and 5765502?
943
What is the greatest common factor of 3108343 and 399?
133
Calculate the greatest common factor of 17 and 13957.
17
What is the highest common factor of 73983 and 3276?
273
What is the highest common divisor of 2717880 and 87?
87
Calculate the highest common divisor of 785 and 39407.
157
Calculate the highest common factor of 16736 and 30857.
523
Calculate the greatest common divisor of 242472 and 72.
24
What is the highest common divisor of 70741 and 649?
649
What is the highest common divisor of 16185 and 936?
39
What is the greatest common divisor of 26568 and 648?
648
Calculate the highest common divisor of 252 and 11382.
42
Calculate the highest common divisor of 192 and 133792.
32
Calculate the highest common divisor of 2571556 and 884.
884
Calculate t